21*b - 2. Let o be x(-1). Suppose 0 = -7*q + 814 + o. What are the prime factors of q?
3, 73
List the prime factors of 53201*(-8 + (-117)/(-18 - -5)).
53201
Let x(q) = -142*q + 2152. List the prime factors of x(-12).
2, 241
Suppose 14*v = 154*v - 2913540. List the prime factors of v.
3, 7, 991
Let j = -5701 - -7787. What are the prime factors of j?
2, 7, 149
Suppose 0 = -14*a + 37879 - 7709. List the prime factors of a.
5, 431
What are the prime factors of (13100 + -15 + 23)/2?
2, 29, 113
Suppose -3 = -s + 2. Suppose s*p + 39 = 4*y, y + 2*y - 6 = -4*p. Suppose 15*n - y*n - 369 = 0. List the prime factors of n.
41
Let u(j) = -62*j + 25. Let r be u(-2). Let b = r + 209. What are the prime factors of b?
2, 179
Suppose 12 = 5*a - 2*a. Suppose a*h = 14 - 46. What are the prime factors of (-374)/h*(3 - (3 + -4))?
11, 17
Let q(f) = 33*f**2 + 17*f + 31. List the prime factors of q(17).
9857
Suppose -r + 72*k - 67*k + 224 = 0, 3*r + 4*k - 596 = 0. Let a be (20/(-14))/((-2)/14). Suppose -11*z + a*z + r = 0. List the prime factors of z.
2, 3, 17
Suppose 29*z - 19*z = 0. Suppose z = -33*u + 37*u - 2956. Suppose 0 = 2*w - 3*p - 300, -4*w - u = -9*w + 2*p. What are the prime factors of w?
3, 7
Let j(d) = 80*d**2 + d - 10. Let n be j(-4). Suppose 4*v - 3*v - 3*g - n = 0, -4*g = 8. List the prime factors of v.
2, 3, 5, 7
Let l = 852 - 847. Suppose 3*w - 3*f - 2571 = 1806, l*f = -5*w + 7295. List the prime factors of w.
1459
Let m = -1388 - -427. Let d = -654 - m. List the prime factors of d.
307
Let x(j) = -8*j - 3. Let z be x(-14). Suppose z = m - 7. Suppose -a - 62 = -i, 3*i - m = i + 4*a. What are the prime factors of i?
2, 3, 11
Let y(n) = -n**3 - 6*n**2 + 14*n + 1. Let b be y(6). Let x = b - -1101. List the prime factors of x.
2, 13, 29
Let i = 3 + -1. Let s(t) = 8 + t - 33*t**2 + 19*t**i + 17*t**2. What are the prime factors of s(-4)?
2, 13
List the prime factors of (-866241)/(-99) + 13/143.
2, 5, 7
Let s(q) = 8*q**2 - q - 7. Let b be s(4). Suppose 0 = b*w - 116*w - 1264. List the prime factors of w.
2, 79
Let d = 96 - 306. Let u = 9 - d. Let k = -100 + u. What are the prime factors of k?
7, 17
Suppose 18*j + 91 = 1837. Let m = j - 192. Let d = 170 + m. List the prime factors of d.
3, 5
Let g be (-20758)/(-14) + 11/(693/18). Let a = -1033 + g. What are the prime factors of a?
2, 3, 5
Let b(w) = 5*w**2 + 2*w - 2. Let f = -12 - -3. Let q be b(f). Let r = -225 + q. List the prime factors of r.
2, 5
Let g = 190626 - 130507. List the prime factors of g.
79, 761
Suppose 3*r = 5*l - 3778, 2*r + 3941 - 164 = 5*l. List the prime factors of l.
5, 151
Let y be 5*((-8)/(-44) + 144/55). Let s be (-1 + 0)/(2/58). Let t = y - s. What are the prime factors of t?
43
Let i(z) = 161*z**2 - 4*z - 5. Let s be i(4). Let n = 3675 - s. List the prime factors of n.
2, 5, 7
Let i = 111 + -114. Let d(m) = -7*m**3 - 4*m**2 - m. What are the prime factors of d(i)?
2, 3, 13
Let c(r) = 12*r**2 + 3*r - 5. Let j be c(4). Suppose -35*m = 56 + 151 + 38. Let g = j - m. What are the prime factors of g?
2, 103
Suppose 5*g - 27480 = 5*t - 78305, g = 4*t - 40654. List the prime factors of t.
10163
Let d = 358 + -361. Let f(j) = 115*j**2 - 5*j + 10. List the prime factors of f(d).
2, 5, 53
Let n(o) = 227*o**2 + 258*o + 3300. List the prime factors of n(-13).
29, 1321
Let f(r) = 625*r - 69. Let s be f(8). Suppose -8*x + 2837 = -s. What are the prime factors of x?
971
Suppose -589*v + 110 = -600*v. Let n = -17 + 35. Let g = n + v. What are the prime factors of g?
2
Let v = -195 - -240. Suppose 56*g = v*g + 12408. List the prime factors of g.
2, 3, 47
Let u(c) = 0*c + 3*c**3 - 8 - 9*c**2 - 13 - 2*c**3 + 4*c. Let z be u(9). Suppose -546 = -21*b + z*b. List the prime factors of b.
7, 13
Let z = -1324 - -867. Let q = 662 + z. List the prime factors of q.
5, 41
Suppose q + 58 = 68. List the prime factors of -7 + q + 720 + -3.
2, 3, 5
Suppose 0 = m - 2 - 0. Suppose -4*n + 307 = -5*u, -143 = -m*n - u - 0*u. Suppose 0 = -h - 5*g + n, -2*h - 4*g - 55 = -177. What are the prime factors of h?
53
Let q(j) = 2*j**3 - 4*j**2 + 6*j - 7. Suppose -8 = 5*v + r - 36, -14 = -v + 4*r. Suppose 3*m = -k - 0*k + v, m + 5*k + 12 = 0. List the prime factors of q(m).
29
Suppose 190763 + 323586 = 84*s - 578743. What are the prime factors of s?
7, 11, 13
Suppose -623 = 7*j + 371. Let h = 68 - j. What are the prime factors of h?
2, 3, 5, 7
Let o(c) = c**2 + 11*c + 6. Let a = -6 + 16. Let i be o(a). Let b = 359 - i. List the prime factors of b.
11, 13
Suppose -6*k + 2*k = -8, 3*k - 18 = -3*u. Suppose -3*i + 851 = u*g, 4*g = i + g - 275. Suppose -4*v + 475 = -i. What are the prime factors of v?
3, 7
List the prime factors of 592/(-112) + 5 + 129068/7 + 2.
2, 5, 461
Suppose 0 = -38*y - 114*y + 311448. What are the prime factors of y?
3, 683
Let k(y) = 3*y**3 - 4*y**2 + 10*y - 2. Let s be k(-5). Let t = s + 1176. List the prime factors of t.
11, 59
Suppose 4*n - j - 3 = 7, 5*n = -3*j + 4. Suppose n*s + l + 740 = 6*s, -4*s + 5*l = -740. Suppose 0 = 4*h - 187 - s. What are the prime factors of h?
3, 31
Let m(h) = -h**2 + 1. Suppose -5*w = -6*q + 7*q - 26, 20 = 4*w. Let s be m(q). List the prime factors of 244 + 5 + (s - 1).
2, 31
Let g(s) = 135*s**2 + 3*s - 8. Let t(o) = 135*o**2 + 5*o - 8. Let k(j) = -3*g(j) + 4*t(j). What are the prime factors of k(1)?
2, 3, 23
Let c(u) = -16*u - 172. Suppose -9*h = -18 + 162. What are the prime factors of c(h)?
2, 3, 7
Let z(d) = 370*d**3 - 7*d**2 - 11*d + 26. What are the prime factors of z(2)?
2, 367
What are the prime factors of -806*(-12200)/250 + 2/(-10)*-6?
2, 71, 277
Let w(k) = k**3 - 2*k**2 - k + 3. Let a be w(2). List the prime factors of 9018/24 + 3/(-4) + a.
2, 47
Let d(a) be the second derivative of a**5/20 + 17*a**4/12 - a**3/6 - 19*a**2/2 + 29*a - 4. What are the prime factors of d(-9)?
2, 11, 29
Let v = -156 - -1275. Suppose -1498 = -4*i + d, 3*i - v = -3*d + 6*d. List the prime factors of i.
3, 5
Suppose -2*b - 5*b = 168. What are the prime factors of (103*3)/(30/b - -2)?
2, 103
Let r be (2/3 + -2)*-6. List the prime factors of (4/6)/((-3)/(-10116)*r).
281
Suppose 15 = 5*h + 5*d, -2*h + 12 = 2*h - 5*d. Suppose 1 - 10 = h*x. What are the prime factors of ((-24)/x)/(-4) - -126?
2, 31
What are the prime factors of ((-3)/1 + 9920 + 6)*1 - 4?
7, 13, 109
Let c be 2 + (-4)/(-18) + (-4)/18. Suppose -116 = -c*s + 4*f, -298 = -5*s + 2*f - 0*f. List the prime factors of (-6)/s*4 + 54/10.
5
Let s(w) = 2 - 3 + 1 + 748*w - 12. List the prime factors of s(1).
2, 23
Suppose -5*x = 15*x - 9040. Suppose x = 7*h - 5*h. List the prime factors of h.
2, 113
Let w(o) = 174*o - 14. Let n be ((-12)/(-20))/(4/20). Let m be w(n). Suppose -m - 29 = -3*v. What are the prime factors of v?
179
Suppose -4*a = -3*r - 32719 + 107324, 5*r + 4*a - 124299 = 0. List the prime factors of r.
23, 47
Let t be 1/(-3) + 9289/21 + -3. Suppose 4*f - 4*q - 1532 = 0, t = f - 2*q + 58. List the prime factors of f.
5, 7, 11
Suppose 0*r - 2*g = r + 4, -4*g = -12. Let i(v) = 2*v**2 + 7*v - 3. Let c be i(r). Let u = c + -16. List the prime factors of u.
3, 37
Let c(l) = -l**3 + 9*l**2 + 16*l + 2. Suppose -11 + 13 = j. Suppose 0*b = j*b - 20. What are the prime factors of c(b)?
2, 31
Let n = -6176 + 10334. Suppose -7*r + 16*r = n. List the prime factors of r.
2, 3, 7, 11
Suppose -8*q - 1463 = -15*q. Suppose q + 232 = 9*z. Let c = z + -40. What are the prime factors of c?
3
Suppose 5*m = -4*r, 2*m - 2*r = -2*m. Suppose 5*c + 0 - 25 = m. Suppose -119 = -c*l + 81. List the prime factors of l.
2, 5
Let q(m) = 49*m + 10. Let y be q(14). Let u be -2 + (-5)/((-20)/y). Let v = -98 + u. List the prime factors of v.
2, 37
Suppose -75*h + 76*h - 24986 = -5*m, m - 24950 = -h. What are the prime factors of h?
7, 509
Suppose -3505 + 535 = -15*q. Let b(y) = -y - 119. Let z be b(0). Let n = q + z. What are the prime factors of n?
79
Let j be 0/((-36)/270 + (-64)/(-30)). Suppose j = 2*t - 5*p - 707, 3*t - 1050 = -13*p + 17*p. List the prime factors of t.
2, 173
Let f(v) = v**3 + 5*v**2 + 11*v + 20. Let x be f(-8). Let b = -1342 + 910. Let a = x - b. List the prime factors of a.
2, 43
What are the prime factors of (-21042)/10*(148 + -153)?
3, 7, 167
Suppose 219 = -4*l - 21. Let a = -32 - l. Suppose 72 = 4*s - a. List the prime factors of s.
5
S